hen n(-2) is divided by y.
3
Let u = 63 + -44. What is the remainder when (4 + 2)/((-3)/(-28)) is divided by u?
18
Suppose -u = -2*u + 4. What is the remainder when 14 is divided by u?
2
Let b be 4*2/8*-2. Calculate the remainder when 2 + 2 - (b + -32) is divided by 13.
12
Let o be 2/(1/3*2). Let v be (-5 - 0) + 3/o. What is the remainder when 5 is divided by (1 - 3)/v*4?
1
Let w(i) = i**3 - 2*i**2 - 2*i + 2. What is the remainder when 29 is divided by w(3)?
4
Let i = -115 - -25. Calculate the remainder when (i/8)/(3/(-8)) is divided by 8.
6
Suppose 2*k - 36 = 22. Calculate the remainder when 85 is divided by k.
27
Let c(u) = -u**3 + 3*u**2 - u - 1. Let m be c(3). Suppose 55 = -3*i + 4*s, -2*s - 87 = 5*i - 4*s. Let t = m - i. What is the remainder when t is divided by 7?
6
Suppose y - 8*y = -98. Let x(a) = -18*a**3 + 2*a**2 - 1. Let q be x(1). Let p = 58 + q. What is the remainder when p is divided by y?
13
Suppose -j + 4 = 2. Suppose -6*v + 5*o = -v - 45, -v = 2*o - 3. What is the remainder when v is divided by j?
1
Let c be 2 + -3 + 5 + 2. Let u(m) = m**2 - 4*m + 7. What is the remainder when u(c) is divided by 11?
8
Let l(g) = g**3 - 3*g**2 - 5*g - 4. What is the remainder when l(5) is divided by 11?
10
Suppose -3*o - 3 - 21 = 0. What is the remainder when 77 is divided by o*(2 + 18/(-4))?
17
Suppose 110 = 2*r + 3*r. Suppose -5*y + 0*q - 5*q + 105 = 0, -2*q = y - r. What is the remainder when y/(-3)*18/(-4) is divided by 16?
14
Suppose -2*h = 2 - 38. Calculate the remainder when 34 is divided by h.
16
Suppose 2*j - 14 = -2*n - 2*j, 3*j = -n + 5. Calculate the remainder when (-6)/(-24) + (-158)/(-8) is divided by n.
9
Let o = 91 - -13. Calculate the remainder when o is divided by 35.
34
What is the remainder when 131 is divided by (-42 + 25)/((-2)/4)?
29
Let i = 24 - -33. What is the remainder when i is divided by 15?
12
Let n(r) = 4*r + 17. Suppose -4*j + 5 = w - 25, -4*j + 32 = 2*w. What is the remainder when n(j) is divided by 12?
9
Suppose -2*q = -15 - 13. What is the remainder when 41 is divided by q?
13
Suppose -z = 4*g - 21, 0 = -3*z - 1 + 4. Suppose -d + 21 = 4. Suppose 2 = -5*y + d, -4*y = 2*w - 38. What is the remainder when w is divided by g?
3
Let n(o) = -o + 10. Let w = -6 - -6. Suppose -j - 5*k + 14 = 0, 3*j + 6*k = k + 22. Calculate the remainder when n(w) is divided by j.
2
Suppose -4*c = -4*i + 8, -2*c + 16 = 5*i - 3*i. What is the remainder when 13 is divided by i?
3
Let x be -3*(1 + (-7)/3). Suppose 0 = 2*j + y + 12, -5*j = -0*y - x*y + 56. Let o = j + 14. Calculate the remainder when o is divided by 4.
2
Suppose 2*c + d - 21 = 4*d, -3*d + 69 = 4*c. Calculate the remainder when c is divided by 4.
3
Let q = -3 + 1. Let i(x) = x**2 + 2*x - 6. What is the remainder when i(-10) is divided by ((-75)/9)/(q/6)?
24
Let a(u) = 121*u**2 - 2*u + 1. Let x be a(1). Let h = 5 - -11. What is the remainder when (2/(-4))/((-2)/x) is divided by h?
14
Let v = 27 + -6. Calculate the remainder when 3 is divided by v/18 + (-1)/6.
0
Let a = -2 - -20. Let q = a - 7. What is the remainder when q is divided by 3?
2
Let o(z) = 4*z - 1. Let l(g) = 3*g - 2. Let v(k) = 2*l(k) - 3*o(k). Let x(u) = u**2 + 5*u. Let n be x(-4). Calculate the remainder when v(n) is divided by 8.
7
Suppose 5*u = 2*u + 12. Suppose 15 = u*q + q. What is the remainder when q is divided by 3?
0
Let b(x) = -2*x - 7. Let j be b(-6). Suppose 5*p = 4*k + 69, j*p - 5*k - 25 = 40. What is the remainder when 31 is divided by p?
14
Suppose f = -4*x + 9 + 5, 132 = 4*f - 3*x. Let s(z) = 6*z - z + 6*z**2 + 5*z + 3 - z**3 - 13. What is the remainder when f is divided by s(7)?
8
Suppose -l = 2*l - 9. Calculate the remainder when l*(-2)/(18/(-21)) is divided by 3.
1
Suppose 11*f - 52 - 212 = 0. Calculate the remainder when 112 is divided by f.
16
Suppose 119 = 4*y + 3*d, 0 = d + 2*d - 3. Suppose 0 = -p - 4*u + 11, -3*p - 2*p - 3*u = -72. What is the remainder when y is divided by p?
14
Let x(z) be the third derivative of -z**4/6 - z**3/2 + 7*z**2. Calculate the remainder when x(-6) is divided by 11.
10
Let d = 6 - 1. Let v(g) = g - 3. Suppose 9*n = 6*n + 9. Calculate the remainder when n is divided by v(d).
1
Suppose -3*n + 5 + 16 = 0. Suppose 0*x + 4*x = 108. Calculate the remainder when x is divided by n.
6
Calculate the remainder when 2 - (2 - -1) - -18 is divided by 6.
5
Suppose -23 = -5*f - 2*c, -f = 3*f - 4*c - 24. Suppose -k - f*z - 3 = -21, 5*k - 3*z = 34. What is the remainder when 15 is divided by k?
7
Let s be -1*-4*3/(-6). What is the remainder when -1 + -1 + (-114)/s is divided by (3 - (-20)/(-6))*-57?
17
Let d = -6 + 57. Let x be 1 + 0 + (5 - 32). Let c = x + 44. What is the remainder when d is divided by c?
15
Let m be ((0 - -1) + -2)*-5. Suppose 0 = m*c - 3*c - 26. Let q(r) = -r**3 - 5*r**2 - 6*r - 3. Calculate the remainder when c is divided by q(-4).
3
Let j(c) = -c**2 - 14*c - 7. Calculate the remainder when j(-9) is divided by 10.
8
Suppose 2*m + 2 = 0, -135 - 210 = -2*k - m. What is the remainder when k is divided by 35?
33
Let u(d) = 2*d**2 + 9*d - 3. What is the remainder when 74 is divided by u(-6)?
14
Suppose 0*o - 5*o = -85. Calculate the remainder when o is divided by 10.
7
Suppose -5 = -4*v + 7. Suppose -v*l + l = -106. What is the remainder when l is divided by 18?
17
Suppose -5*z + 21 = b, -2 = 3*b - 2*z - 14. Suppose 5*m - 21 = 64. Calculate the remainder when m is divided by b.
5
Let z = -131 + 133. Calculate the remainder when 26 is divided by z.
0
Let v = 3 - 4. Let y = 2 - v. What is the remainder when 11 is divided by y?
2
Calculate the remainder when 5 is divided by -2*((-36)/8)/3.
2
Let z(i) = -5*i - 1. Let j = -29 + 36. Calculate the remainder when j is divided by z(-1).
3
Suppose -3*k + 27 = -48. Calculate the remainder when k is divided by 16.
9
Suppose x - 3*d - 36 = -x, 2*x + 2*d = 16. Calculate the remainder when 31 is divided by x.
7
Let o(u) = -u**2 + u + 4. Let z be o(0). Let h = 11 - z. Suppose 4*y - 73 - h = 0. Calculate the remainder when y is divided by 7.
6
Suppose -5*c = 5*i, -c + 12 = -6*i + i. Suppose -4*m + 278 = 78. Calculate the remainder when m is divided by (-100)/(-6) - c/(-6).
16
Let k = 21 + -15. Let c(f) = 3*f**2 - 2*f - 1. What is the remainder when 58*((-3)/k - -1) is divided by c(-2)?
14
Let o(x) = -26*x**3 + x**2 - x - 1. Let t(i) = 0 - 3 - i - 4. Let g be t(-6). Calculate the remainder when o(g) is divided by 14.
13
Let q(u) = -5*u + 4. Let t be q(-3). Suppose -4*b + 3*b = -t. Suppose -7 = -2*p + b. What is the remainder when 24 is divided by p?
11
Let x(w) = w**3 + 10*w**2 - 10*w + 15. Let i(f) = -7*f. Let j be i(1). Let m = j + 10. What is the remainder when x(-11) is divided by m?
1
Let l = 7 - 11. Calculate the remainder when 28 is divided by (-3 - l)*18 - 3.
13
Let i(z) = 4*z - 33. What is the remainder when ((-10)/6)/((-2)/96) is divided by i(15)?
26
Let d(b) = 9*b - 9. What is the remainder when d(5) is divided by ((-1)/2)/(5/(-190))?
17
Suppose -2*a + 6 + 8 = 0. Let k(j) = j**3 - 7*j**2 - j - 2. Let g be k(a). Let t = g + 17. Calculate the remainder when 22 is divided by t.
6
Let y(n) = n**2 + 2*n + 2. Suppose 3*j = 8 + 16. Calculate the remainder when j is divided by y(-3).
3
Let v = -35 + 44. What is the remainder when v is divided by 3?
0
Let d = -9 - -7. Calculate the remainder when (-35)/d - 6/(-12) is divided by 7.
4
Let l = 5 - 3. Suppose -p + l*b - 3 = -7, -4 = -2*b. What is the remainder when 23 is divided by p?
7
Suppose 6*z + 25 = z, z = -5*a - 305. Let l = -36 - a. Let v = -12 - -25. Calculate the remainder when l is divided by v.
11
Suppose -75 = -2*j - 3*j. What is the remainder when 59 is divided by j?
14
Suppose -4*x - 6 = 2, 5*h = 4*x + 473. Let f = h - 58. Calculate the remainder when f is divided by 12.
11
Suppose 0 = 3*a - p - 182, 3*p + p = 5*a - 308. Calculate the remainder when 236 is divided by a.
56
Suppose 14*w = 11*w + 12. Suppose -w*i - 20 = -8*i. What is the remainder when 7 is divided by i?
2
Suppose -k + 0*k + 119 = 0. Suppose 5*s - k = 81. Let a = 72 - s. What is the remainder when a is divided by 11?
10
Suppose -18 = -0*o - 3*o. What is the remainder when 16 is divided by o?
4
Let l(d) = -d**3 + 2*d + 1. Let a be l(-1). Calculate the remainder when 35 is divided by a/(-3) + -3 - 